it of 415215?
4
What is the tens digit of 7864394?
9
What is the thousands digit of 1634807?
4
What is the tens digit of 541432?
3
What is the tens digit of 26768?
6
What is the thousands digit of 3796527?
6
What is the thousands digit of 2940125?
0
What is the ten thousands digit of 4147376?
4
What is the units digit of 1157414?
4
What is the ten thousands digit of 34640?
3
What is the tens digit of 9598226?
2
What is the ten thousands digit of 482573?
8
What is the thousands digit of 780242?
0
What is the thousands digit of 1548544?
8
What is the tens digit of 65727?
2
What is the tens digit of 808707?
0
What is the hundred thousands digit of 1761534?
7
What is the thousands digit of 9439652?
9
What is the ten thousands digit of 321078?
2
What is the ten thousands digit of 460686?
6
What is the units digit of 1036327?
7
What is the hundred thousands digit of 6249911?
2
What is the hundred thousands digit of 6773319?
7
What is the thousands digit of 296378?
6
What is the thousands digit of 37257?
7
What is the tens digit of 344370?
7
What is the hundred thousands digit of 559859?
5
What is the millions digit of 8888398?
8
What is the thousands digit of 1151427?
1
What is the ten thousands digit of 9223813?
2
What is the hundred thousands digit of 12342553?
3
What is the units digit of 2253119?
9
What is the units digit of 293615?
5
What is the units digit of 3541561?
1
What is the hundreds digit of 1763339?
3
What is the tens digit of 4925680?
8
What is the hundreds digit of 189416?
4
What is the thousands digit of 271918?
1
What is the tens digit of 6764165?
6
What is the hundred thousands digit of 212113?
2
What is the ten millions digit of 18560943?
1
What is the thousands digit of 299417?
9
What is the ten millions digit of 11490365?
1
What is the ten millions digit of 13437500?
1
What is the ten thousands digit of 36764?
3
What is the hundreds digit of 20298?
2
What is the tens digit of 208245?
4
What is the thousands digit of 326972?
6
What is the units digit of 190553?
3
What is the ten thousands digit of 6112773?
1
What is the ten thousands digit of 864594?
6
What is the hundred thousands digit of 18568752?
5
What is the thousands digit of 95758?
5
What is the tens digit of 150789?
8
What is the units digit of 3082822?
2
What is the thousands digit of 1544869?
4
What is the thousands digit of 3191587?
1
What is the hundreds digit of 155563?
5
What is the hundreds digit of 10747254?
2
What is the millions digit of 9661090?
9
What is the hundreds digit of 447709?
7
What is the ten thousands digit of 58030?
5
What is the units digit of 8018059?
9
What is the ten thousands digit of 16992585?
9
What is the hundreds digit of 655547?
5
What is the millions digit of 7233169?
7
What is the units digit of 1168914?
4
What is the tens digit of 141998?
9
What is the hundreds digit of 8519600?
6
What is the units digit of 135103?
3
What is the hundreds digit of 557846?
8
What is the ten thousands digit of 967744?
6
What is the hundreds digit of 10429990?
9
What is the millions digit of 31597760?
1
What is the ten millions digit of 16482381?
1
What is the thousands digit of 12675797?
5
What is the ten thousands digit of 227853?
2
What is the tens digit of 3575259?
5
What is the hundreds digit of 1481345?
3
What is the tens digit of 37241096?
9
What is the hundred thousands digit of 9210026?
2
What is the hundred thousands digit of 18542431?
5
What is the tens digit of 30875256?
5
What is the hundred thousands digit of 9847866?
8
What is the units digit of 3984672?
2
What is the units digit of 5022346?
6
What is the thousands digit of 26533413?
3
What is the tens digit of 33861078?
7
What is the units digit of 8372896?
6
What is the hundred thousands digit of 2002622?
0
What is the ten thousands digit of 4097228?
9
What is the millions digit of 2180884?
2
What is the ten thousands digit of 46936?
4
What is the thousands digit of 97032?
7
What is the ten thousands digit of 937420?
3
What is the hundred thousands digit of 178662?
1
What is the ten thousands digit of 75308?
7
What is the units digit of 203125?
5
What is the tens digit of 457459?
5
What is the tens digit of 461646?
4
What is the tens digit of 1231153?
5
What is the thousands digit of 1494470?
4
What is the thousands digit of 20892547?
2
What is the thousands digit of 430035?
0
What is the ten thousands digit of 19541054?
4
What is the hundreds digit of 290883?
8
What is the thousands digit of 117657?
7
What is the ten thousands digit of 8565642?
6
What is the ten thousands digit of 7075150?
7
What is the hundred thousands digit of 535528?
5
What is the ten thousands digit of 17472334?
7
What is the units digit of 370301?
1
What is the tens digit of 3672518?
1
What is the hundreds digit of 516632?
6
What is the ten thousands digit of 1115981?
1
What is the tens digit of 5735866?
6
What is the thousands digit of 234944?
4
What is the hundred thousands digit of 9053899?
0
What is the hundreds digit of 207108?
1
What is the hundred thousands digit of 210129?
2
What is the hundred thousands digit of 123196?
1
What is the hundred thousands digit of 329256?
3
What is the hundred thousands digit of 1989240?
9
What is the ten thousands digit of 640821?
4
What is the thousands digit of 125785?
5
What is the tens digit of 975660?
6
What is the hundreds digit of 31898701?
7
What is the thousands digit of 14435181?
5
What is the thousands digit of 3769957?
9
What is the units digit of 149617?
7
What is the tens digit of 178177?
7
What is the hundred thousands digit of 110292?
1
What is the hundred thousands digit of 20309391?
3
What is the hundreds digit of 230518?
5
What is the millions digit of 3863833?
3
What is the hundred thousands digit of 15777453?
7
What is the thousands digit of 1772122?
2
What is the millions digit of 3410247?
3
What is the hundreds digit of 4457531?
5
What is the hundreds digit of 1618513?
5
What is the hundreds digit of 671211?
2
What is the thousands digit of 399226?
9
What is the thousands digit of 132715?
2
What is the hundreds digit of 698022?
0
What is the tens digit of 529032?
3
What is the ten thousands digit of 7149041?
4
What is the hundreds digit of 320412?
4
What is the hundred thousands digit of 5688773?
6
What is the hundred thousands digit of 542958?
5
What is the hundred thousands digit of 2716551?
7
What is the units digit of 71686?
6
What is the hundred thousands digit of 602534?
6
What is the units digit of 92060?
0
What is the thousands digit of 3392703?
2
What is the millions digit of 1096435?
1
What is the ten thousands digit of 804401?
0
What is the hundreds digit of 13320496?
4
What is the hundreds digit of 60919?
9
What is the hundreds digit of 602329?
3
What is the ten thousands digit of 949840?
4
What is the tens digit of 1623919?
1
What is the hundred thousands digit of 1834461?
8
What is the ten millions digit of 27027245?
2
What is the units digit of 5319538?
8
What is the tens digit of 2591277?
7
What is the hundreds digit of 297596?
5
What is the tens digit of 126663?
6
What is the units digit of 8339023?
3
What is the hundred thousands digit of 161235?
1
What is the units digit of 1429691?
1
What is the millions digit of 9208441?
9
What is the ten thousands digit of 5204254?
0
What is the units digit of 1647101?
1
What is the ten thousands digit of 7227589?
2
What is the thousands digit of 7442100?
2
What is the hundreds digit of 10418869?
8
What is the thousands digit of 1796220?
6
What is the ten thousands digit of 2177291?
7
What is the ten thousands digit of 256481?
5
What is the tens digit of 1068137?
3
What is the hundred thousands digit of 4220300?
2
What is the tens digit of 17687294?
9
What is the tens digit of 159297?
9
What is the hundreds digit of 4424068?
0
What is the hundreds digit of 494698?
6
What is the hundreds digit of 1377987?
9
What is the hundreds digit of 2206206?
2
What is the tens digit of 97353?
5
What is the ten thousands digit of 224732?
2
What is the ten thousands digit of 4730676?
3
What is the tens digit of 3182984?
8
What is the hundred thousands digit of 10419562?
4
What is the thousands digit of 12384?
2
What is the hundreds digit of 1043141?
1
What is the tens digit of 5997255?
5
What is the tens dig